{"id":2,"date":"2010-03-13T18:51:00","date_gmt":"2010-03-13T18:51:00","guid":{"rendered":"http:\/\/desireemartinphoto.com\/blog\/?page_id=2"},"modified":"2011-07-19T15:32:57","modified_gmt":"2011-07-19T15:32:57","slug":"acerca-de","status":"publish","type":"page","link":"http:\/\/desireemartinphoto.com\/blog\/acerca-de\/","title":{"rendered":"YO MISMA"},"content":{"rendered":"<p>Nac\u00ed en La Laguna, Islas Canarias, ciudad d\u00f3nde curse mis estudios universitarios, una licenciatura en Ciencias Biol\u00f3gicas. Como sab\u00eda que estos estudios no me dar\u00edan de comer a corto plazo, combin\u00e9 la universidad con la formaci\u00f3n profesional&#8230; T\u00e9cnico en Enfermer\u00eda\u00a0 y m\u00e1s tarde , Interprete de Lengua de Signos. Unidos a todos estos estudios, realic\u00e9 mil y un curso&#8230;master, experto&#8230; hasta que un d\u00eda el fotoperiodismo me dio una cachetada.<\/p>\n<p>Como efecto secundario, trabaj\u00e9 en agencias y medios locales de mi tierra durante relativamente poco tiempo, hasta que me decant\u00e9 por ser freelance. La migraci\u00f3n africana hacia Canarias era un fen\u00f3meno del que ansiaba ser testigo, y as\u00ed lo hice.<\/p>\n<p>EFE fue el primer medio nacional que cont\u00f3 conmigo, y tras esta agencia vinieron periodicos nacionales e internacionales.<\/p>\n<p>Actualmente, trabajo muy habitualmente para AFP, adem\u00e1s de otros medios nacionales e internacionales.<\/p>\n<p>&#8230;la realidad, es que cada d\u00eda es m\u00e1s complicado realizar esos temas que nos enganchan a todos los que andamos por el mundo con \u00e9ste bicho metido dentro&#8230; esos de los que se aprovechan , y dejamos que as\u00ed sea, muchos medios.. as\u00ed que &#8230;cuando puedo , me dejo envolver por \u00e9l y realizo alg\u00fan proyecto personal, local o internacional &#8230;y el resto del tiempo ..pago facturas.<\/p>\n<p>Sigo pensando igual que cuando era bi\u00f3loga&#8230; el cambio se provoca a nivel local&#8230; y\u00a0 ESTOY EN ELLO&#8230;<\/p>\n<p>&#8230; siendo testigo.<\/p>\n<div class=\"sharedaddy sd-sharing-enabled\"><div class=\"robots-nocontent sd-block sd-social sd-social-icon-text sd-sharing\"><h3 class=\"sd-title\">COMPARTE ESTO:<\/h3><div class=\"sd-content\"><ul><li class=\"share-facebook\"><a rel=\"nofollow noopener noreferrer\" data-shared=\"sharing-facebook-2\" class=\"share-facebook sd-button share-icon\" href=\"http:\/\/desireemartinphoto.com\/blog\/acerca-de\/?share=facebook\" target=\"_blank\" title=\"Haz clic para compartir en Facebook\"><span>Facebook<\/span><\/a><\/li><li class=\"share-twitter\"><a rel=\"nofollow noopener noreferrer\" data-shared=\"sharing-twitter-2\" class=\"share-twitter sd-button share-icon\" href=\"http:\/\/desireemartinphoto.com\/blog\/acerca-de\/?share=twitter\" target=\"_blank\" title=\"Haz clic para compartir en Twitter\"><span>Twitter<\/span><\/a><\/li><li class=\"share-email\"><a rel=\"nofollow noopener noreferrer\" data-shared=\"\" class=\"share-email sd-button share-icon\" href=\"http:\/\/desireemartinphoto.com\/blog\/acerca-de\/?share=email\" target=\"_blank\" title=\"Haz clic para enviar por correo electr\u00f3nico a un amigo\"><span>Correo electr\u00f3nico<\/span><\/a><\/li><li class=\"share-linkedin\"><a rel=\"nofollow noopener noreferrer\" data-shared=\"sharing-linkedin-2\" class=\"share-linkedin sd-button share-icon\" href=\"http:\/\/desireemartinphoto.com\/blog\/acerca-de\/?share=linkedin\" target=\"_blank\" title=\"Haz clic para compartir en LinkedIn\"><span>LinkedIn<\/span><\/a><\/li><li class=\"share-tumblr\"><a rel=\"nofollow noopener noreferrer\" data-shared=\"\" class=\"share-tumblr sd-button share-icon\" href=\"http:\/\/desireemartinphoto.com\/blog\/acerca-de\/?share=tumblr\" target=\"_blank\" title=\"Haz clic para compartir en Tumblr\"><span>Tumblr<\/span><\/a><\/li><li class=\"share-end\"><\/li><\/ul><\/div><\/div><\/div>","protected":false},"excerpt":{"rendered":"<p>Nac\u00ed en La Laguna, Islas Canarias, ciudad d\u00f3nde curse mis estudios universitarios, una licenciatura en Ciencias Biol\u00f3gicas. Como sab\u00eda que estos estudios no me dar\u00edan de comer a corto plazo, combin\u00e9 la universidad con la formaci\u00f3n profesional&#8230; T\u00e9cnico en Enfermer\u00eda\u00a0 y m\u00e1s tarde , Interprete de Lengua de Signos. Unidos a todos estos estudios, realic\u00e9 [&#038;hellip<\/p>\n<div class=\"sharedaddy sd-sharing-enabled\"><div class=\"robots-nocontent sd-block sd-social sd-social-icon-text sd-sharing\"><h3 class=\"sd-title\">COMPARTE ESTO:<\/h3><div class=\"sd-content\"><ul><li class=\"share-facebook\"><a rel=\"nofollow noopener noreferrer\" data-shared=\"sharing-facebook-2\" class=\"share-facebook sd-button share-icon\" href=\"http:\/\/desireemartinphoto.com\/blog\/acerca-de\/?share=facebook\" target=\"_blank\" title=\"Haz clic para compartir en Facebook\"><span>Facebook<\/span><\/a><\/li><li class=\"share-twitter\"><a rel=\"nofollow noopener noreferrer\" data-shared=\"sharing-twitter-2\" class=\"share-twitter sd-button share-icon\" href=\"http:\/\/desireemartinphoto.com\/blog\/acerca-de\/?share=twitter\" target=\"_blank\" title=\"Haz clic para compartir en Twitter\"><span>Twitter<\/span><\/a><\/li><li class=\"share-email\"><a rel=\"nofollow noopener noreferrer\" data-shared=\"\" class=\"share-email sd-button share-icon\" href=\"http:\/\/desireemartinphoto.com\/blog\/acerca-de\/?share=email\" target=\"_blank\" title=\"Haz clic para enviar por correo electr\u00f3nico a un amigo\"><span>Correo electr\u00f3nico<\/span><\/a><\/li><li class=\"share-linkedin\"><a rel=\"nofollow noopener noreferrer\" data-shared=\"sharing-linkedin-2\" class=\"share-linkedin sd-button share-icon\" href=\"http:\/\/desireemartinphoto.com\/blog\/acerca-de\/?share=linkedin\" target=\"_blank\" title=\"Haz clic para compartir en LinkedIn\"><span>LinkedIn<\/span><\/a><\/li><li class=\"share-tumblr\"><a rel=\"nofollow noopener noreferrer\" data-shared=\"\" class=\"share-tumblr sd-button share-icon\" href=\"http:\/\/desireemartinphoto.com\/blog\/acerca-de\/?share=tumblr\" target=\"_blank\" title=\"Haz clic para compartir en Tumblr\"><span>Tumblr<\/span><\/a><\/li><li class=\"share-end\"><\/li><\/ul><\/div><\/div><\/div>","protected":false},"author":1,"featured_media":0,"parent":0,"menu_order":0,"comment_status":"open","ping_status":"open","template":"","meta":{"spay_email":""},"jetpack_sharing_enabled":true,"_links":{"self":[{"href":"http:\/\/desireemartinphoto.com\/blog\/wp-json\/wp\/v2\/pages\/2"}],"collection":[{"href":"http:\/\/desireemartinphoto.com\/blog\/wp-json\/wp\/v2\/pages"}],"about":[{"href":"http:\/\/desireemartinphoto.com\/blog\/wp-json\/wp\/v2\/types\/page"}],"author":[{"embeddable":true,"href":"http:\/\/desireemartinphoto.com\/blog\/wp-json\/wp\/v2\/users\/1"}],"replies":[{"embeddable":true,"href":"http:\/\/desireemartinphoto.com\/blog\/wp-json\/wp\/v2\/comments?post=2"}],"version-history":[{"count":4,"href":"http:\/\/desireemartinphoto.com\/blog\/wp-json\/wp\/v2\/pages\/2\/revisions"}],"predecessor-version":[{"id":1037,"href":"http:\/\/desireemartinphoto.com\/blog\/wp-json\/wp\/v2\/pages\/2\/revisions\/1037"}],"wp:attachment":[{"href":"http:\/\/desireemartinphoto.com\/blog\/wp-json\/wp\/v2\/media?parent=2"}],"curies":[{"name":"wp","href":"https:\/\/api.w.org\/{rel}","templated":true}]}}

<p>Nací en La Laguna, Islas Canarias, ciudad dónde curse mis estudios universitarios, una licenciatura en Ciencias Biológicas. Como sabía que estos estudios no me darían de comer a corto plazo, combiné la universidad con la formación profesional&#8230; Técnico en Enfermería  y más tarde , Interprete de Lengua de Signos. Unidos a todos estos estudios, realicé mil y un curso&#8230;master, experto&#8230; hasta que un día el fotoperiodismo me dio una cachetada.</p>
<p>Como efecto secundario, trabajé en agencias y medios locales de mi tierra durante relativamente poco tiempo, hasta que me decanté por ser freelance. La migración africana hacia Canarias era un fenómeno del que ansiaba ser testigo, y así lo hice.</p>
<p>EFE fue el primer medio nacional que contó conmigo, y tras esta agencia vinieron periodicos nacionales e internacionales.</p>
<p>Actualmente, trabajo muy habitualmente para AFP, además de otros medios nacionales e internacionales.</p>
<p>&#8230;la realidad, es que cada día es más complicado realizar esos temas que nos enganchan a todos los que andamos por el mundo con éste bicho metido dentro&#8230; esos de los que se aprovechan , y dejamos que así sea, muchos medios.. así que &#8230;cuando puedo , me dejo envolver por él y realizo algún proyecto personal, local o internacional &#8230;y el resto del tiempo ..pago facturas.</p>
<p>Sigo pensando igual que cuando era bióloga&#8230; el cambio se provoca a nivel local&#8230; y  ESTOY EN ELLO&#8230;</p>
<p>&#8230; siendo testigo.</p>
<div class="sharedaddy sd-sharing-enabled"><div class="robots-nocontent sd-block sd-social sd-social-icon-text sd-sharing"><h3 class="sd-title">COMPARTE ESTO:</h3><div class="sd-content"><ul><li class="share-facebook"><a rel="nofollow noopener noreferrer" data-shared="sharing-facebook-2" class="share-facebook sd-button share-icon" href="http://desireemartinphoto.com/blog/acerca-de/?share=facebook" target="_blank" title="Haz clic para compartir en Facebook"><span>Facebook</span></a></li><li class="share-twitter"><a rel="nofollow noopener noreferrer" data-shared="sharing-twitter-2" class="share-twitter sd-button share-icon" href="http://desireemartinphoto.com/blog/acerca-de/?share=twitter" target="_blank" title="Haz clic para compartir en Twitter"><span>Twitter</span></a></li><li class="share-email"><a rel="nofollow noopener noreferrer" data-shared="" class="share-email sd-button share-icon" href="http://desireemartinphoto.com/blog/acerca-de/?share=email" target="_blank" title="Haz clic para enviar por correo electrónico a un amigo"><span>Correo electrónico</span></a></li><li class="share-linkedin"><a rel="nofollow noopener noreferrer" data-shared="sharing-linkedin-2" class="share-linkedin sd-button share-icon" href="http://desireemartinphoto.com/blog/acerca-de/?share=linkedin" target="_blank" title="Haz clic para compartir en LinkedIn"><span>LinkedIn</span></a></li><li class="share-tumblr"><a rel="nofollow noopener noreferrer" data-shared="" class="share-tumblr sd-button share-icon" href="http://desireemartinphoto.com/blog/acerca-de/?share=tumblr" target="_blank" title="Haz clic para compartir en Tumblr"><span>Tumblr</span></a></li><li class="share-end"></li></ul></div></div></div>

<p>Nací en La Laguna, Islas Canarias, ciudad dónde curse mis estudios universitarios, una licenciatura en Ciencias Biológicas. Como sabía que estos estudios no me darían de comer a corto plazo, combiné la universidad con la formación profesional&#8230; Técnico en Enfermería  y más tarde , Interprete de Lengua de Signos. Unidos a todos estos estudios, realicé [&#038;hellip</p>
<div class="sharedaddy sd-sharing-enabled"><div class="robots-nocontent sd-block sd-social sd-social-icon-text sd-sharing"><h3 class="sd-title">COMPARTE ESTO:</h3><div class="sd-content"><ul><li class="share-facebook"><a rel="nofollow noopener noreferrer" data-shared="sharing-facebook-2" class="share-facebook sd-button share-icon" href="http://desireemartinphoto.com/blog/acerca-de/?share=facebook" target="_blank" title="Haz clic para compartir en Facebook"><span>Facebook</span></a></li><li class="share-twitter"><a rel="nofollow noopener noreferrer" data-shared="sharing-twitter-2" class="share-twitter sd-button share-icon" href="http://desireemartinphoto.com/blog/acerca-de/?share=twitter" target="_blank" title="Haz clic para compartir en Twitter"><span>Twitter</span></a></li><li class="share-email"><a rel="nofollow noopener noreferrer" data-shared="" class="share-email sd-button share-icon" href="http://desireemartinphoto.com/blog/acerca-de/?share=email" target="_blank" title="Haz clic para enviar por correo electrónico a un amigo"><span>Correo electrónico</span></a></li><li class="share-linkedin"><a rel="nofollow noopener noreferrer" data-shared="sharing-linkedin-2" class="share-linkedin sd-button share-icon" href="http://desireemartinphoto.com/blog/acerca-de/?share=linkedin" target="_blank" title="Haz clic para compartir en LinkedIn"><span>LinkedIn</span></a></li><li class="share-tumblr"><a rel="nofollow noopener noreferrer" data-shared="" class="share-tumblr sd-button share-icon" href="http://desireemartinphoto.com/blog/acerca-de/?share=tumblr" target="_blank" title="Haz clic para compartir en Tumblr"><span>Tumblr</span></a></li><li class="share-end"></li></ul></div></div></div>
